
957144 (base 11) to base 8
5660366
What is 12020210 (base 4) in base 5?
1300444
Convert -1240130 (base 5) to base 8.
-57537
Convert 1514104 (base 6) to base 5.
10301421
Convert 3151765 (base 10) to base 4.
30001132111
Convert -780a1 (base 12) to base 4.
-212311321
-11205524 (base 6) to base 2
-1010011110101111100
What is -2307a7 (base 11) in base 16?
-5998d
What is -16887 (base 14) in base 11?
-39555
Convert 915254 (base 13) to base 15.
46be45
51282 (base 13) to base 8
434046
What is 8a3670 (base 14) in base 9?
8747044
1321322302 (base 4) to base 16
79eb2
What is 11420530 (base 6) in base 4?
1120000212
Convert 231030012 (base 4) to base 16.
2d306
-262b72 (base 14) to base 3
-2110202022112
Convert 1471735 (base 11) to base 14.
498776
-50a408 (base 11) to base 8
-3077561
What is -11504044 (base 7) in base 9?
-1834241
Convert -49e2c (base 15) to base 2.
-111001101000100011
11161003 (base 7) to base 15
143351
Convert -1300320011 (base 4) to base 6.
-13524245
-240614 (base 11) to base 3
-201101012012
1d4901 (base 15) to base 13
3b235a
What is 11111110010010011011001 (base 2) in base 10?
8332505
What is -53735517 (base 8) in base 12?
-3a34953
-4440126 (base 8) to base 4
-10210001112
Convert 18108a (base 16) to base 13.
432ac3
-9e83b (base 15) to base 16
-7b39b
Convert -135118 (base 10) to base 12.
-6623a
What is -112121012222 (base 3) in base 11?
-186a11
Convert 2010121100 (base 3) to base 12.
20376
What is 11654056 (base 8) in base 12?
a44212
Convert 6769b8 (base 12) to base 6.
55210352
Convert 4247479 (base 10) to base 12.
150a047
-100012301 (base 4) to base 8
-200661
31532240 (base 6) to base 3
1202020101120
-1a0a55 (base 11) to base 6
-10341151
10101010110010110000 (base 2) to base 6
22554424
42808 (base 11) to base 5
3442302
-23232323 (base 4) to base 13
-18b4b
What is 611522 (base 7) in base 16?
195a7
Convert -563200 (base 8) to base 16.
-2e680
Convert 4c9333 (base 14) to base 16.
283f31
What is -110696 (base 11) in base 13?
-62469
What is 3862679 (base 10) in base 6?
214442435
Convert -25125061 (base 7) to base 12.
-90b14a
What is -7ba09 (base 13) in base 7?
-1630201
46c99 (base 14) to base 12
83a87
Convert 27621 (base 8) to base 16.
2f91
What is 203240 (base 5) in base 8?
15047
What is -113573a (base 11) in base 13?
-546117
What is -163697 (base 10) in base 16?
-27f71
Convert 135306446 (base 7) to base 9.
17628088
What is -210330111 (base 4) in base 11?
-a3761
Convert 4467465 (base 10) to base 13.
c05592
Convert 1001101010100010 (base 2) to base 10.
39586
-101131410 (base 5) to base 7
-3332436
Convert -2100303213 (base 4) to base 3.
-1010010121200
37355026 (base 8) to base 5
4102412310
What is 4042434 (base 7) in base 9?
812853
-5043202 (base 7) to base 3
-1010102122101
-305111220 (base 6) to base 12
-1928510
Convert -1478244 (base 9) to base 3.
-1112122021111
157234 (base 13) to base 6
15205014
173cc (base 14) to base 15
1247c
Convert -16809 (base 16) to base 10.
-92169
Convert 3879033 (base 10) to base 12.
1370989
What is -11a6c32 (base 13) in base 8?
-24764123
-1821865 (base 10) to base 11
-1034881
74925 (base 10) to base 6
1334513
Convert 12301013 (base 4) to base 7.
143546
-56a10 (base 13) to base 11
-a8525
-21000001001 (base 3) to base 2
-100001101001010001
277cb4 (base 13) to base 16
ea643
Convert 1210630 (base 7) to base 10.
153979
c1633d (base 14) to base 16
635363
What is -52052050 (base 6) in base 11?
-934a17
What is 2ec2e2 (base 16) in base 15?
408031
Convert 1139669 (base 10) to base 12.
46b645
159901 (base 10) to base 11
aa155
Convert -122110030 (base 5) to base 16.
-8e102
Convert -2443123 (base 8) to base 6.
-22233231
What is 890113 (base 11) in base 14?
28d86c
What is 16aa846 (base 12) in base 11?
2723891
983821 (base 13) to base 4
31221203233
-15da3 (base 16) to base 15
-1b7c2
Convert -4c078 (base 13) to base 4.
-202112203
-e2391a (base 16) to base 3
-1000220020010000
What is 1416208 (base 9) in base 14?
163b26
What is -1bba25 (base 16) in base 12?
-7376b1
Convert 60032 (base 11) to base 14.
24053
-1003322 (base 8) to base 13
-93163
Convert -5305712 (base 8) to base 4.
-11120233022
What is 4520302 (base 6) in base 2?
110111101101101110
What is 110010110100000100111 (base 2) in base 10?
1665063
What is -142452520 (base 6) in base 12?
-b94140
What is 13609a0 (base 12) in base 2?
1110101101111110001000
-16053422 (base 7) to base 11
-96404a
-12100121001 (base 3) to base 14
-2a5b3
Convert 125533 (base 9) to base 12.
38163
-40a543 (base 13) to base 9
-2747572
3000331323 (base 4) to base 14
16808b
What is 1111110010111011001 (base 2) in base 10?
517593
Convert -53329 (base 13) to base 8.
-444662
Convert 5a5db8 (base 14) to base 9.
5728251
What is 20492 (base 15) in base 12?
4b23b
-14be93a (base 15) to base 4
-321112133122
-17edd (base 16) to base 10
-98013
What is -12001000111011 (base 3) in base 6?
-133214351
What is 1166216 (base 7) in base 2?
100100110111110111
What is 1d89b4 (base 14) in base 16?
1030f2
Convert -4168043 (base 10) to base 4.
-33321211223
What is -3643581 (base 10) in base 8?
-15714275
-102334341 (base 5) to base 10
-433721
Convert -723583 (base 9) to base 10.
-429132
-10227216 (base 10) to base 13
-217110c
Convert 4050402 (base 6) to base 4.
233023202
Convert ba52ca (base 13) to base 5.
2110200242
What is -15a029 (base 12) in base 5?
-43313300
What is -139aa80 (base 13) in base 15?
-82d61b
Convert c4847 (base 13) to base 12.
1502ab
Convert 1572159 (base 12) to base 7.
52135443
What is 3b05b07 (base 12) in base 3?
211000200200221
Convert -1b78ab (base 12) to base 7.
-4111316
-2832770 (base 9) to base 15
-20b530
11415031 (base 6) to base 2
1010111111010011011
-3300313013 (base 4) to base 9
-1763275
What is -7a592a (base 14) in base 13?
-b2a694
Convert 31a7b7 (base 14) to base 7.
20200320
Convert 2303355 (base 7) to base 11.
186640
What is 3344010 (base 8) in base 15?
12c91b
Convert -752764 (base 9) to base 14.
-b94c7
36d6bb (base 15) to base 4
22001123030
What is -12626d (base 14) in base 15?
-c7224
-622023 (base 7) to base 16
-19f6b
What is 1c55 (base 16) in base 12?
4245
Convert 122240340 (base 5) to base 16.
8f4da
Convert -46997 (base 10) to base 13.
-18512
-664088 (base 9) to base 8
-1406560
6e495 (base 15) to base 5
42231130
-829619 (base 11) to base 15
-1b42e5
What is -14333464 (base 7) in base 16?
-14a54a
Convert 8062333 (base 10) to base 2.
11110110000010101111101
32214504 (base 6) to base 5
220413031
Convert 4169641 (base 10) to base 9.
7754604
Convert -72640 (base 9) to base 16.
-bb23
928b72 (base 12) to base 15
30566e
What is 9167 (base 16) in base 6?
444155
Convert -4061204 (base 7) to base 11.
-3017a6
Convert -140284 (base 12) to base 14.
-890a0
Convert 10112414 (base 7) to base 3.
1120212021002
Convert -30243420 (base 5) to base 6.
-5115454
33273 (base 16) to base 13
744a2
What is -131403140 (base 5) in base 10?
-653545
What is -121110121020 (base 3) in base 12?
-137696
What is 1681304 (base 11) in base 16?
2b96f5
What is 73305 (base 15) in base 9?
615835
49686 (base 11) to base 4
101123003
What is -d6a51 (base 15) in base 2?
-10100110001011111101
Convert -34ad9 (base 15) to base 7.
-1266204
Convert -787541 (base 12) to base 6.
-105055321
What is -806076a (base 11) in base 2?
-110110011001110000001001
Convert 41524344 (base 6) to base 14.
2367a0
-4223486 (base 9) to base 12
-90b759
What is c2a241 (base 16) in base 13?
2847b5c
Convert -200234 (base 8) to base 10.
-65692
Convert -7ca1cb (base 13) to base 16.
-2d3a79
Convert -2002220 (base 6) to base 10.
-93828
Convert -20002201020 (base 3) to base 12.
-595a3
-1063164 (base 8) to base 12
-11aa70
What is -34d1 (base 14) in base 11?
-6a03
28c9a (base 16) to base 7
1264034
18a327a (base 11) to base 10
3210701
Convert 3000523 (base 6) to base 5.
13441123
-4d98e4 (base 15) to base 10
-3728014
Convert -2013232 (base 4) to base 6.
-104114
1202102010202 (base 3) to base 8
3436545
What is -340357 (base 8) in base 6?
-2244023
What is 112132023 (base 6) in base 3?
10212220121120
Convert 4566432 (base 9) to base 11.
1434082
100100000001100110010 (base 2) to base 13
324401
Convert 252526466 (base 7) to base 3.
1010001112212112
What is -242441 (base 5) in base 6?
-110121
Convert 553433 (base 6) to base 9.
70303
What is 30db9 (base 15) in base 10?
154974
Convert